9147?
41, 467
What are the prime factors of 8659?
7, 1237
What are the prime factors of 33402?
2, 3, 19, 293
What are the prime factors of 1006?
2, 503
List the prime factors of 3369.
3, 1123
What are the prime factors of 14333?
11, 1303
What are the prime factors of 5219?
17, 307
What are the prime factors of 44813?
41, 1093
What are the prime factors of 6140?
2, 5, 307
List the prime factors of 455.
5, 7, 13
What are the prime factors of 1228?
2, 307
List the prime factors of 1370.
2, 5, 137
What are the prime factors of 4229?
4229
What are the prime factors of 26950?
2, 5, 7, 11
What are the prime factors of 305?
5, 61
What are the prime factors of 740?
2, 5, 37
List the prime factors of 31274.
2, 19, 823
What are the prime factors of 11612?
2, 2903
What are the prime factors of 869?
11, 79
List the prime factors of 4250.
2, 5, 17
List the prime factors of 60513.
3, 23, 877
What are the prime factors of 23412?
2, 3, 1951
What are the prime factors of 17094?
2, 3, 7, 11, 37
List the prime factors of 75869.
75869
What are the prime factors of 1318?
2, 659
List the prime factors of 10100.
2, 5, 101
What are the prime factors of 8340?
2, 3, 5, 139
List the prime factors of 109235.
5, 7, 3121
List the prime factors of 113.
113
What are the prime factors of 20954?
2, 10477
What are the prime factors of 191?
191
What are the prime factors of 935?
5, 11, 17
List the prime factors of 110481.
3, 7, 5261
What are the prime factors of 12615?
3, 5, 29
List the prime factors of 3821.
3821
What are the prime factors of 3081?
3, 13, 79
What are the prime factors of 55964?
2, 17, 823
What are the prime factors of 14288?
2, 19, 47
What are the prime factors of 1132?
2, 283
What are the prime factors of 517?
11, 47
List the prime factors of 74546.
2, 37273
What are the prime factors of 2434?
2, 1217
List the prime factors of 5039.
5039
List the prime factors of 11499.
3, 3833
List the prime factors of 4268.
2, 11, 97
What are the prime factors of 4219?
4219
What are the prime factors of 13980?
2, 3, 5, 233
What are the prime factors of 26083?
26083
What are the prime factors of 1848?
2, 3, 7, 11
List the prime factors of 23838.
2, 3, 29, 137
List the prime factors of 533.
13, 41
What are the prime factors of 3198?
2, 3, 13, 41
What are the prime factors of 7967?
31, 257
What are the prime factors of 18527?
97, 191
List the prime factors of 16156.
2, 7, 577
What are the prime factors of 1018?
2, 509
What are the prime factors of 49025?
5, 37, 53
List the prime factors of 95954.
2, 47977
List the prime factors of 5959.
59, 101
List the prime factors of 47886.
2, 3, 23, 347
What are the prime factors of 3124?
2, 11, 71
What are the prime factors of 2159?
17, 127
What are the prime factors of 827?
827
What are the prime factors of 536?
2, 67
What are the prime factors of 96969?
3, 32323
List the prime factors of 684.
2, 3, 19
What are the prime factors of 350?
2, 5, 7
What are the prime factors of 330?
2, 3, 5, 11
List the prime factors of 10923.
3, 11, 331
List the prime factors of 5261.
5261
List the prime factors of 18827.
67, 281
List the prime factors of 877.
877
List the prime factors of 71325.
3, 5, 317
What are the prime factors of 25092?
2, 3, 17, 41
What are the prime factors of 16318?
2, 41, 199
List the prime factors of 1453.
1453
What are the prime factors of 22003?
22003
List the prime factors of 5336.
2, 23, 29
List the prime factors of 136751.
136751
What are the prime factors of 3007?
31, 97
What are the prime factors of 37531?
13, 2887
What are the prime factors of 304?
2, 19
List the prime factors of 46.
2, 23
What are the prime factors of 61913?
101, 613
List the prime factors of 2988.
2, 3, 83
What are the prime factors of 36166?
2, 13, 107
What are the prime factors of 2581?
29, 89
List the prime factors of 1413.
3, 157
List the prime factors of 6314.
2, 7, 11, 41
What are the prime factors of 193?
193
List the prime factors of 13020.
2, 3, 5, 7, 31
What are the prime factors of 2645?
5, 23
List the prime factors of 19017.
3, 2113
List the prime factors of 10940.
2, 5, 547
List the prime factors of 41868.
2, 3, 1163
What are the prime factors of 22819?
19, 1201
What are the prime factors of 4893?
3, 7, 233
List the prime factors of 4596.
2, 3, 383
What are the prime factors of 299?
13, 23
What are the prime factors of 55349?
7, 7907
What are the prime factors of 22309?
7, 3187
List the prime factors of 8607.
3, 19, 151
List the prime factors of 128112.
2, 3, 17, 157
List the prime factors of 4576.
2, 11, 13
What are the prime factors of 28515?
3, 5, 1901
What are the prime factors of 97139?
7, 13877
What are the prime factors of 32056?
2, 4007
What are the prime factors of 3846?
2, 3, 641
List the prime factors of 981.
3, 109
What are the prime factors of 6591?
3, 13
List the prime factors of 18855.
3, 5, 419
List the prime factors of 300.
2, 3, 5
List the prime factors of 96254.
2, 17, 19, 149
List the prime factors of 2859.
3, 953
What are the prime factors of 78747?
3, 26249
What are the prime factors of 103291?
103291
List the prime factors of 1943.
29, 67
What are the prime factors of 38970?
2, 3, 5, 433
List the prime factors of 7172.
2, 11, 163
List the prime factors of 760.
2, 5, 19
What are the prime factors of 134?
2, 67
What are the prime factors of 1687?
7, 241
List the prime factors of 4445.
5, 7, 127
What are the prime factors of 2742?
2, 3, 457
What are the prime factors of 974?
2, 487
List the prime factors of 32912.
2, 11, 17
List the prime factors of 6782.
2, 3391
What are the prime factors of 612?
2, 3, 17
What are the prime factors of 3333?
3, 11, 101
What are the prime factors of 442?
2, 13, 17
List the prime factors of 38342.
2, 19, 1009
What are the prime factors of 71101?
97, 733
What are the prime factors of 51936?
2, 3, 541
List the prime factors of 320.
2, 5
List the prime factors of 1448.
2, 181
List the prime factors of 78219.
3, 2897
What are the prime factors of 2303?
7, 47
What are the prime factors of 1589?
7, 227
What are the prime factors of 55541?
55541
What are the prime factors of 839?
839
List the prime factors of 1565.
5, 313
What are the prime factors of 81552?
2, 3, 1699
List the prime factors of 5985.
3, 5, 7, 19
List the prime factors of 18427.
18427
List the prime factors of 19617.
3, 13, 503
What are the prime factors of 11420?
2, 5, 571
What are the prime factors of 85541?
113, 757
What are the prime factors of 28164?
2, 3, 2347
What are the prime factors of 3625?
5, 29
List the prime factors of 597.
3, 199
List the prime factors of 2588.
2, 647
What are the prime factors of 6689?
6689
List the prime factors of 56646.
2, 3, 1049
List the prime factors of 25947.
3, 31
List the prime factors of 22326.
2, 3, 61
What are the prime factors of 3788?
2, 947
What are the prime factors of 2372?
2, 593
List the prime factors of 14326.
2, 13, 19, 29
List the prime factors of 16119.
3, 199
List the prime factors of 56.
2, 7
What are the prime factors of 1861?
1861
What are the prime factors of 2127?
3, 709
List the prime factors of 2385.
3, 5, 53
List the prime factors of 69477.
3, 23159
What are the prime factors of 1059?
3, 353
What are the prime factors of 8021?
13, 617
List the prime factors of 19798.
2, 19, 521
List the prime factors of 21482.
2, 23, 467
List the prime factors of 8715.
3, 5, 7, 83
List the prime factors of 18993.
3, 13, 487
List the prime factors of 18379.
18379
List the prime factors of 13821.
3, 17, 271
List the prime factors of 10.
2, 5
What are the prime factors of 11?
11
What are the prime factors of 99?
3, 11
What are the prime factors of 55324?
2, 13831
List the prime factors of 44180.
2, 5, 47
List the prime factors of 1893.
3, 631
List the prime factors of 1259.
1259
What are the prime factors of 545?
5, 109
What are the prime factors of 11019?
3, 3673
What are the prime factors of 146772?
2, 3, 151
What are the prime factors of 562?
2, 281
What are the prime factors of 558?
2, 3, 31
What are the prime factors of 7501?
13, 577
What are the prime factors of 1324?
2, 331
What are the prime factors of 3904?
2, 61
What are the prime factors of 1318?
2, 659
List the prime factors of 5334.
2, 3, 7, 127
What are the prime factors of 6549?
3, 37, 59
What are the prime factors of 